).
-2
Let v(f) = f - 3. Let q be (-8)/10*(-10)/2. Suppose 3*b = q*a - 56, 5*b + 5*a + 4 + 31 = 0. Let d be 5/20 - (-3)/b. Calculate v(d).
-3
Let u(l) = -l**2 - 18*l + 22. Let o be u(-19). Let z(i) = i**2 - 4*i - 2. Let q be z(o). Let n(d) = d - 3. Give n(q).
-8
Let c(s) = -s**3 - 6*s**2 - 4*s + 7. Suppose j + 2*i = -7, j - 2*i - 3*i = 0. Let u be c(j). Let x be 10/(u + (-4)/1). Let h(v) = -2*v - 2. Determine h(x).
8
Let m(p) = 13 - 2*p - 10 - 6. Let j = 32 + -14. Let a be (-76)/12 + 6/j. Calculate m(a).
9
Let p = 12 + -9. Let g(y) = -2*y**3 - 4*y + 3*y - 4 - 3*y**2 + y**p + 2*y. Suppose 0 = 8*u - 5*u + 12. What is g(u)?
8
Let p(a) = -a**2 + 6*a + 3. Let v(y) = 5*y**2 + 4*y - 1. Let k(d) = -8*d**2 - 7*d + 2. Let i(l) = 6*k(l) + 11*v(l). Let b be i(-1). What is p(b)?
3
Let k = -232 + 229. Let p(j) = -2*j**2 - 3*j + 2. Calculate p(k).
-7
Let s(z) = -2*z - 5*z**2 + 123 - 244 + 122. Let d be ((-2)/(-4))/((-13)/(-26)). What is s(d)?
-6
Let x be 12/30*(-1 - -6). Suppose 0 = x*n - 15 + 9. Let y(f) = n + 3*f**2 - 3 + 12 - 4*f**2 - f. Give y(0).
12
Let u(q) = 5*q - 1. Suppose -24*p + 20 = -20*p. What is u(p)?
24
Let t(c) = -76*c - 610. Let u be t(-8). Let g(w) = -w**2 - 2*w - 5. Determine g(u).
-5
Let k(b) = b**2 + 7*b + 1. Let g(t) = -t**2 - 5*t + 1. Let i(q) = -4*g(q) - 3*k(q). Give i(5).
13
Let l = -32 - -31. Let m(n) be the third derivative of n**6/120 - n**5/120 - n**4/24 + 2*n**3/3 + 2*n**2. Let f(z) be the first derivative of m(z). Give f(l).
3
Let g = 595 + -596. Let w(d) = -8*d + 2. What is w(g)?
10
Let s(y) = -2*y**3 - 11*y**2 + y. Let c(r) = -2*r**3 - 9*r**2 + r. Let p(h) = -5*c(h) + 4*s(h). Calculate p(-2).
-10
Let v = 372 + -375. Let p(k) = 2*k - 2. What is p(v)?
-8
Let y(w) be the third derivative of w**5/60 + w**4/24 - w**3/3 - 115*w**2. Give y(-4).
10
Let v be (8/6)/((-8)/(-12)). Let j(g) = -2 + 4*g + g - 3*g**2 - 2*g**v - 4*g. Let n(k) = -k**2. Let m(y) = j(y) - 4*n(y). What is m(3)?
-8
Let u(y) be the third derivative of -y**4/6 + 25*y**3/6 + 13*y**2 + 16. Calculate u(4).
9
Suppose 3*m - 132*f - 93 = -129*f, 53 = 2*m - 5*f. Let r(g) = g**3 - 35*g**2 + 34*g + 1. What is r(m)?
1
Suppose 3*l = -2*q - 2 + 10, -5*q + 15 = 5*l. Let r be q/2 - (-65)/26. Let j(g) = 3*g + 1 - r + g**2 - 1. Give j(-4).
1
Let v(o) be the third derivative of 5/6*o**3 + 0 + 0*o + 1/24*o**4 - 3*o**2. What is v(-5)?
0
Let m(q) be the first derivative of -4*q**3/3 - 12*q**2 - 3*q + 11. Let y(f) = -3*f**2 - 16*f - 2. Let r(v) = -5*m(v) + 7*y(v). Give r(7).
8
Let u = -14 - -16. Let v be 5/u + 9/(-6). Let z(g) = 4 - 5 - v + 9*g. Give z(2).
16
Suppose 97*x = 122*x + 175. Let y(b) = b + 13. Give y(x).
6
Suppose 0*o - 4*o + 8 = 0, -3*o + 1 = 5*b. Let r(j) = -5*j**2 + j + 2. What is r(b)?
-4
Let x(a) = -2*a**3 + 50*a**2 - 49*a + 19. Let h be x(24). Let b(y) = -y + 3. What is b(h)?
8
Let l(k) = k**2 - 7*k - 10. Let i be 576/28 + 9/21. Suppose 14*g - i = 11*g. Give l(g).
-10
Let s(n) = -n + 15. Let b be s(15). Suppose b = 3*m - 6*m. Let l(r) = -r**2 + r + 7. Give l(m).
7
Let t(s) be the second derivative of 5*s**4/12 + s**3/2 + s**2 + 357*s. Give t(-2).
16
Let c(a) be the third derivative of a**6/120 + a**5/15 - a**4/12 - 5*a**3/6 - 12*a**2. Let d be (0 - 6/(-2)) + -7. Calculate c(d).
3
Let p(r) = r**3 + 7*r**2 + 15*r - 7. Let k(c) = -c**3 - 7*c**2 - 19*c + 6. Let a(z) = -5*k(z) - 6*p(z). Give a(-8).
36
Let c(g) = 2*g - 15. Suppose 5*u = s - 5*s + 56, 4*s = 2*u. What is c(u)?
1
Let y(j) = -j**2 + 5*j + 7. Let r = 6 - 6. Suppose r*l - 22 = 2*l. Let f be 2*(l/(-2) - 3). Calculate y(f).
7
Let p(k) = 4*k**3 + k**2 - 2*k - 3. Suppose -2*d + 5*v - 27 = 0, 2*v - 17 = -7. What is p(d)?
-4
Let v(a) = -5*a - 12. Let o(f) = 3*f + 6. Suppose -k - w = -2*k - 3, 0 = 3*k + 4*w + 16. Let b(m) = k*v(m) - 7*o(m). Determine b(5).
1
Let v be 21 + 1387/(-57) - 1/(-3). Suppose -16 = 4*j, j + 7 + 6 = 3*o. Let d(q) = -o - 2*q + 3 + 3. Determine d(v).
9
Let g be (-4)/6*-3 - (-17 + 12). Let t(j) = -j**3 + 8*j**2 - 7*j - 7. Give t(g).
-7
Let d(a) = 22*a - 2*a - 19 - 10*a - a + a. What is d(2)?
1
Let h(c) = c**3 - 5*c + 11*c**2 + 3 - 6*c**2 - c**2. Let p be h(-5). Suppose 6 = 3*n + 5*l, p*n - 2*l = -2*n + 10. Let z(u) = -3*u + 2. Calculate z(n).
-4
Let f(z) = -7729*z**3 + 7728*z**3 - 4*z + 3*z + 10*z**2 + 3 + z. Let g(n) = 9*n**2 - n. Let t be g(-1). What is f(t)?
3
Let t(o) = -148*o + 33*o**2 - 29*o**2 + 152*o. What is t(-2)?
8
Let r(x) = -x**3 - 2*x**2 + 2*x + 1. Let a be ((-24)/(-20))/(1/(-5)). Let w be (-9)/(-2)*a/9. What is r(w)?
4
Suppose 4*n = 68 + 12. Suppose 8*v - 4*v - n = 0. Let m(f) = 8*f**2 - 2*f**2 - 6*f - f - 2 - f**3. What is m(v)?
-12
Let y(w) = 4*w**2 + 5*w + 9. Let h(i) = 8 + 47*i - 43*i + 6*i**2 - 3*i**2. Let o(s) = 6*h(s) - 5*y(s). Calculate o(-3).
-12
Let x(t) be the first derivative of t**2/2 + 6*t + 2. Suppose 8*d = -18*d. What is x(d)?
6
Let s(h) = -h - 6. Let o = -1758 - -1746. What is s(o)?
6
Let t(x) be the third derivative of -x**4/24 - 11*x**3/6 + x**2. Let y = -3496 + 3488. Determine t(y).
-3
Let i be (0 + -1)*-1*18. Suppose -5*r - i = 12. Let u(b) = 0*b - 12 - 4*b - 5*b + 7 - b**2. Calculate u(r).
13
Let b(d) = -5 - 5*d + 5*d**2 - 2*d - 4*d**2 - 2*d**2. Let y(u) = u**2 + 8*u + 6. Let j(o) = 3*b(o) + 2*y(o). Let s = -26 - -21. Give j(s).
-3
Suppose -12*t + 444 = -852. Suppose 8 = -107*l + t*l. Let f(d) = -d**2 + 6*d + 4. Determine f(l).
-12
Let j(t) = -4*t**3 - 5*t**2 - 5*t + 2. Let v(h) = -h**3 - h**2 - h - 1. Let g(n) = j(n) - 5*v(n). Calculate g(0).
7
Suppose 4*s - 10 = 2. Suppose -u = -s*a - 9, -3*u - 2*u + 34 = -4*a. Let o(z) = 0 - 3*z + 8 - 4 - z + 3*z. What is o(u)?
-2
Let j(g) = g**2 + 2*g + 4. Let c be j(-4). Let p be 3/(8/c + -1). Let r = 16 + p. Let z(h) = -h**2 + 7*h + 6. Calculate z(r).
6
Let x(l) = l**3 + 4*l**2 - l. Let o = 42 + -36. Suppose -10*m + o - 46 = 0. Give x(m).
4
Let y(b) = b**2 + 8*b - 7. Let x be y(-8). Let k(v) = -v**3 - 7*v**2 - 1. Let z be k(x). Let h(r) = 9*r**2 - 2*r - 1. What is h(z)?
10
Let j(n) = n**2 - 11*n + 14. Let o = 183 - 175. What is j(o)?
-10
Let k(y) = -72*y - 669. Let h be k(-9). Let t(q) = -q + 1. What is t(h)?
22
Let l(y) = -y**3 + y**2 - y + 10. Let o = 771 + -771. Determine l(o).
10
Let u be ((-6)/(-9))/(-2)*-6. Let i(z) = -16 - 3*z**3 + z + 3*z**3 + z**3 - 11*z**u. What is i(11)?
-5
Let s(y) = -2. Let h(f) = -f**2 - f + 7. Let i(t) = -h(t) - 3*s(t). Give i(-2).
1
Let j(m) = m**3 - 7*m**2 + 9*m + 7. Let o be j(5). Let x(v) = -9*v + 5 + 2 + 262*v**o - 261*v**2. Determine x(7).
-7
Let r = -8 - -18. Let w(f) = 1 + 4*f - 1 + r - 7. What is w(4)?
19
Let u(b) be the second derivative of -b**3/3 + 5*b**2/2 + b. Suppose -4*a + 37 = -3*s, -a + 5*a - 5*s = 43. Give u(a).
-9
Suppose 5*y = -32 + 12. Let l be 32/18 - (-2)/9. Let m(h) = -7*h + 2*h - l + 5*h**2 + 3 - 6*h**2. Give m(y).
5
Let a(p) be the second derivative of p**7/280 - p**6/360 + p**4/24 + 2*p**3/3 + p. Let m(x) be the second derivative of a(x). What is m(-1)?
-3
Let z(k) = 3*k**3 - 3*k**2 - k - 33. Let p(y) = -4*y**3 + 4*y**2 + y + 34. Let w(i) = 2*p(i) + 3*z(i). What is w(0)?
-31
Let g = 19 - 17. Let s(w) = -5*w**2 + w**2 + g*w**2 + 6*w - 2 + 0*w**2. Determine s(4).
-10
Let z(f) = -3*f**2 + 16*f + 4. Let v(c) = 2*c**2 - 10*c - 3. Let w(m) = -7*v(m) - 5*z(m). Determine w(9).
-8
Let t be ((-49)/(-14))/((-2)/(-4)). Let c(a) = a**2 + 39 - 41 + 0*a**2 - 2*a**2 - t*a. Let s be (5/(-2))/(2/4). Determine c(s).
8
Suppose 4*z - 35 = 2*o - 9, -3*z + 3*o + 18 = 0. Let k be (-10)/4*(-12)/10. Let b(n) = 4*n**2 - n**2 - n + n**k - 10*n**2 + 6. Calculate b(z).
-1
Let j(w) be the first derivative of w**4/12 - 2*w**3/3 - 2*w**2 + 5*w + 27. Let l(m) be the first derivative of j(m). Give l(7).
17
Let n = 58 + -97. Let i = n - -60. Let w(f) = -36*f - i + 35*f + 7. What is w(0)?
-14
Let u = 1324 - 1329. Let s(b) = 8*b + 8. Give s(u).
-32
Let b be (-16)/(-8)*5/2. Suppose -5*p - 50 = -2*h, 0 = 2*p - 4*h - 1 + b. Let y = -8 - p. Let o(c) = -c - 5. What is o(y)?
-9
Let x = -10 - -13. Suppose -2*t + n - 13 = -2*n, 14 = -t + x*n. Let f(v) be the second derivative of v**5/2 + v**4/12 - v**3/6 + 2*v. What is f(t)?
10
Let u(t) be the second derivative of t**3/6 - 3*t**2 - 4*t - 49. Suppose -3 = -v + o, 4*v - 3*o + 1 = 12. Let q be 4/(4/(-3) + v). Calculate u(q).
0
Let i(m) = -4*m - 140. Let u be i